 53. Calculate the greatest common factor of 42 and h.
14
Suppose -4*c - 5*q = -148, 132 = 2*c + 2*c + q. Calculate the highest common divisor of 4 and c.
4
Let j = 40 - 13. Let g be (-76)/(-8) - (-2)/(-4). What is the highest common factor of j and g?
9
Let r = -1 + 2. Let p = 13 - 11. Suppose 3 - 7 = -p*m. What is the highest common divisor of r and m?
1
Suppose -2*o - o + 15 = 0. Let n be o - (0 + 1)*1. Calculate the greatest common factor of n and 4.
4
Let g(t) = 2*t**3 - t**2 - 3*t + 3. Let c be g(2). Let h = -4 + c. Let x = 25 - -10. Calculate the highest common factor of x and h.
5
Let n = -9 + 32. What is the greatest common divisor of n and 46?
23
Let m = -7 + 10. Suppose 58 = 2*q + m*x, 0*q - q - 5*x = -43. Let o be (-23 + 0)/((-1)/8). What is the greatest common divisor of o and q?
23
Suppose 0 = 2*p - 5*p + 84. Let f(h) = -5*h - 22. Let x be f(-10). Let v = x + -21. What is the greatest common divisor of p and v?
7
Let i be 12/(-12)*(-1 - -2). Let w be i/(-3) - 42/(-9). What is the greatest common factor of 40 and w?
5
Suppose -2*h + 5*h = 9. Suppose 4*r - 4 = 8*r, -3*r - 6 = -h*p. What is the greatest common factor of 7 and p?
1
Suppose -12 = -6*i + 2*i. Suppose 33 + 177 = i*l. What is the greatest common divisor of l and 10?
10
Let j(p) be the second derivative of -5*p**3/6 - 5*p. Suppose 5*x = -20 - 0. Let l be j(x). What is the greatest common divisor of l and 5?
5
Let y(q) = -3*q + 6. Let a be y(5). Let l be (1/3)/((-1)/a). Suppose 2*o = 4 - 0. What is the greatest common divisor of l and o?
1
Let v(k) = k**3 + 7*k**2 + 7*k + 6. Let m be (-3)/(-12) - 21/4. Let n be v(m). Calculate the highest common divisor of 168 and n.
21
Suppose 5*q + 12 + 8 = 0. Let i(t) = t**2 + t. Let b be i(q). Let s = -6 + b. What is the greatest common divisor of s and 15?
3
Let g(c) = 6*c**3 - 3*c**2. Let i be g(2). Suppose 5*h - 1 = -i. Let y(s) = -6*s. Let a be y(h). Calculate the greatest common factor of 7 and a.
7
Let j be (83 - 3) + -3 + 1. Let c = 69 - 56. What is the greatest common divisor of c and j?
13
Suppose 229 = 3*f - 176. Calculate the highest common factor of f and 54.
27
Let g(u) = -u**3 + 7*u**2 + 10. Let n be 3/12*2*2. Let c = n + 6. Let w be g(c). Calculate the highest common divisor of w and 10.
10
Let d be 106 + 1/(1/(-1)). Suppose 12 + 8 = -5*i. Let a = i + 19. Calculate the greatest common divisor of d and a.
15
Let w(h) = -h**2 - 18*h + 34. Let x be w(-14). Suppose -5 = -5*y - 0. Let i be -3 - -4 - (-10 + y). What is the greatest common divisor of x and i?
10
Suppose -4*a + 4*z + 8 = 0, 5*z = a + 3*z - 3. Calculate the greatest common factor of a and 3.
1
Suppose 0 = -n - 5*y + 85, 4*n - y = -0*n + 256. Suppose -59 = -4*b - u, 3*b - 5*u = -b + n. Calculate the greatest common divisor of b and 15.
15
Suppose -5*x + a = -154, -4*x + 3*x - 2*a = -22. Let f = 23 - 8. What is the greatest common divisor of x and f?
15
Let b be (-7 - 1)*(-4)/8*1. Let q be (-2 + (-1 - -10))/1. Let t(i) = i**2 - 5*i + 6. Let v be t(q). What is the highest common factor of b and v?
4
Let t(c) = -3*c + 9. Let p be t(3). Suppose 10*l - 6*l - 72 = p. Calculate the greatest common divisor of l and 18.
18
Let h(p) = 2*p**3 - 3*p**2 + p + 1. Let n be h(2). Calculate the greatest common factor of 42 and n.
7
Let i be 264/15 - 8/(-20). What is the highest common divisor of i and 12?
6
Let t(l) = -6*l - 1. Let f(q) = 17*q + 3. Let g(r) = -2*f(r) - 7*t(r). Let w be g(1). What is the greatest common divisor of 45 and w?
9
Suppose -v + 599 = b, -5*v + 0*v = -b + 569. Suppose 3*k - b = 3*i, 2*k + 2*k + 4*i - 832 = 0. Let a = k - 126. What is the highest common divisor of 11 and a?
11
Let a(x) be the first derivative of -x**2 + 2*x + 3. Let l be a(-10). Let p = l + -11. Calculate the highest common divisor of p and 99.
11
Suppose -21*j = -23*j + 96. What is the highest common factor of 240 and j?
48
Let b = -11 + 15. Calculate the highest common divisor of b and 4.
4
Let f be 24/15 - 4/(-10). What is the highest common divisor of f and 5?
1
Let q(i) = i**3 + 4*i**2 - 6*i - 7. Let k be q(-5). Let w be (k - (-5 - -1)) + 3. Suppose w = f - 0. What is the greatest common factor of f and 35?
5
Suppose -4*u + 13 = 5*h - 231, 0 = -3*u - 4*h + 184. Let t(r) = r + 2. Let f be t(5). Calculate the highest common factor of u and f.
7
Let d be ((-264)/3)/(2 - 4). Calculate the highest common factor of d and 4.
4
Suppose i - 12 = 3*r - 7*r, 9 = 3*r + 2*i. Let v be -1 - (0 + 0) - 14. Let o be (36/v)/(r/(-10)). What is the highest common factor of o and 64?
8
Suppose -3*g - 7 = -4. Let o = g - -7. Calculate the highest common divisor of 18 and o.
6
Suppose u = -j, 5*u + 4*j - 4 = -0*u. Calculate the greatest common divisor of 1 and u.
1
Let g(m) = m**2 - m - 8. Let w be g(9). Calculate the highest common factor of 8 and w.
8
Suppose 3*x + 1 = 19. Suppose -5*p = -56 - 94. What is the highest common factor of p and x?
6
Let s be 3 + 2 - 94*-1. Calculate the highest common divisor of s and 18.
9
Suppose -3*v - 4*h + 43 = 0, 2*v - 5*h + 5 = 72. Suppose 2*r + 3 = -3*s, 2*r = 2*s + 14 - 2. Calculate the highest common divisor of r and v.
3
Let z be 6*2 - (3 + -2). Suppose -2*t + 3 = -t. Suppose -t*w + 3*p = -45, -2*p = 3 + 5. Calculate the highest common factor of z and w.
11
Let z(b) = 2*b - 3. Let q be z(5). Let l = 13 - q. Calculate the greatest common factor of 6 and l.
6
Suppose -7 = 7*y - 35. Calculate the highest common divisor of 2 and y.
2
Suppose 0 = -2*s - 2*s + 20. Suppose 3*g - 2*z = z + 222, s*g = 2*z + 373. Calculate the greatest common factor of g and 15.
15
Let q = 30 - -3. What is the greatest common factor of q and 66?
33
Let b(a) = a**2 + 15 + a - 3 - 5*a. Let i(y) = 3*y + 2. Let o be i(2). Let k be b(o). Calculate the highest common divisor of 11 and k.
11
Let f(j) = j**3 + 4*j**2 - 4*j - 6. Let i be f(-4). Let o(h) = -h - 10. Let t be o(-5). Let q be 8*1*t/(-2). What is the greatest common divisor of q and i?
10
Let v be 10/70 - 657/(-7) - -2. Calculate the greatest common factor of v and 72.
24
Let o(y) = -3*y - 4. Let h be o(-4). Calculate the greatest common divisor of 20 and h.
4
Suppose m - 22 = -2*v, m - 6 = -4. What is the greatest common factor of 150 and v?
10
Suppose 4*g = -5*p + 4, 6*g - 2*g + 20 = p. Suppose -p*b - 6 = -q - b, 2 = q + b. Calculate the highest common divisor of 33 and q.
3
Let l(w) = -15*w - 5. Let b be l(-1). Calculate the greatest common divisor of 35 and b.
5
Suppose -2*d = -7*d + 15. Let p = 3 + -3. Suppose p*o = -3*o + 36. Calculate the highest common factor of o and d.
3
Suppose -2*c + 2*w + 92 = 0, -4*w - 40 = -c + 12. Calculate the greatest common factor of c and 220.
44
Suppose -8 = 2*h - 10. Suppose 2*v + 2*v + 3*t - 29 = 0, 4*v - 5*t = 69. Calculate the highest common factor of v and h.
1
Suppose -178 = -3*i - m, 3*i - 244 = -i + 2*m. What is the greatest common factor of i and 24?
12
Suppose 5*g - 855 = 3*u, 4*u = -0*u - 20. Suppose 5*f - 132 = g. Let t be 0/2 + 24/2. Calculate the highest common divisor of t and f.
12
Suppose 0*j - j = 0. Suppose -5*d - 10 = j, 0*y = 2*y + d - 38. Let g = 103 + -43. Calculate the highest common divisor of g and y.
20
Let f = 3 + -4. Let p = -3 - f. Let t = p + 21. What is the highest common factor of 19 and t?
19
Suppose 4*w + 13 = 53. Let r be (w + 1)/(1/1). Calculate the highest common factor of r and 33.
11
Let i be -21 + 3 + -3 - -1. Let o = 24 - i. Suppose d - 5*g - 1 = 35, g + 27 = 2*d. What is the greatest common divisor of o and d?
11
Suppose -35 = -4*m + 3*m. What is the greatest common factor of 7 and m?
7
Let g(p) = 5*p**2 + 2*p - 2. Let m be g(2). What is the greatest common factor of m and 33?
11
Let b(s) = -20*s - 32. Let o be b(-8). Calculate the greatest common factor of 16 and o.
16
Let n = 12 - 3. Let x be (-2)/(-8) - 21/(-12). Suppose x*z - 236 = -38. Calculate the highest common divisor of n and z.
9
Suppose -2*z = 3*z + 5*c - 10, 7 = 5*z + 4*c. Let v(k) = -91*k**3 - k**2. Let o be v(z). What is the highest common divisor of o and 10?
10
Let t be (-4)/(0 - -2) + 0. Let c be -2 + -2*t/4. Let w be (0 - c)/((-2)/(-4)). What is the highest common factor of 16 and w?
2
Let q(y) = y**3 - 4*y**2 + 10*y - 3. Let p be q(5). Calculate the greatest common factor of 36 and p.
3